composite?
True
Is 2104228331 prime?
False
Is 5542895573 prime?
False
Is 402610729 a composite number?
False
Is 212006186561 a composite number?
True
Is 950543617 a prime number?
False
Is 8019327229 a composite number?
False
Is 30926197 a composite number?
True
Is 1589344843 a composite number?
True
Is 1264305941 prime?
False
Is 13380655831 a prime number?
True
Is 87238246 composite?
True
Is 838819589 composite?
False
Is 7146717821 composite?
False
Is 304605773 prime?
True
Is 14170441811 a composite number?
False
Is 87365958571 composite?
False
Is 6052004587 prime?
False
Is 732358073 composite?
True
Is 260968255 a prime number?
False
Is 944507153 composite?
False
Is 4640507999 prime?
True
Is 28025662949 prime?
True
Is 689294059 a prime number?
True
Is 2708243569 composite?
False
Is 10560271103 composite?
True
Is 25550264657 prime?
True
Is 29903099 a composite number?
False
Is 3099780659 composite?
False
Is 91207076137 a prime number?
False
Is 98336815337 composite?
True
Is 2805360553 a composite number?
True
Is 477089815 a prime number?
False
Is 825315838 composite?
True
Is 20588105453 prime?
True
Is 403801457 a composite number?
True
Is 159334921 a prime number?
True
Is 12456777643 prime?
False
Is 5935811549 composite?
True
Is 3033318283 prime?
False
Is 1125636583 composite?
True
Is 1372732433 a prime number?
True
Is 451200019 composite?
False
Is 16900430533 a prime number?
False
Is 2502325589 a composite number?
True
Is 2796658622 a prime number?
False
Is 85674311579 a composite number?
True
Is 599132227 prime?
True
Is 1535811019 a composite number?
True
Is 3576615433 prime?
True
Is 11570483671 a composite number?
True
Is 7340634169 prime?
False
Is 3920766182 a prime number?
False
Is 826167707 a prime number?
True
Is 3220573127 prime?
True
Is 390547657 a prime number?
True
Is 11734675741 prime?
True
Is 5524274201 a prime number?
True
Is 16139072437 composite?
True
Is 29177368399 a composite number?
False
Is 1066710943 a prime number?
True
Is 67437785 prime?
False
Is 521611421 composite?
False
Is 6820425593 a composite number?
False
Is 5949854777 a composite number?
False
Is 882476795 prime?
False
Is 59092576199 a composite number?
False
Is 449162687 a prime number?
True
Is 72963487 composite?
False
Is 24109279927 composite?
True
Is 4742287257 a composite number?
True
Is 103599482953 a prime number?
True
Is 98629547011 prime?
True
Is 194939893 a composite number?
True
Is 1704884133 prime?
False
Is 5084105053 a composite number?
False
Is 1060835107 prime?
False
Is 3014855357 a composite number?
False
Is 13924023977 composite?
False
Is 2335424921 a composite number?
False
Is 925549259 a composite number?
False
Is 1252759523 a composite number?
True
Is 8053283482 a prime number?
False
Is 1075762013 a prime number?
False
Is 22154376031 a prime number?
True
Is 9582925373 a composite number?
True
Is 274202042719 composite?
True
Is 1462699411 a prime number?
True
Is 505382279 a prime number?
True
Is 16943772757 composite?
True
Is 55974716857 prime?
False
Is 15615071 composite?
True
Is 9047423843 composite?
True
Is 18216599393 a composite number?
True
Is 195783787 a composite number?
False
Is 199249562509 prime?
True
Is 2481207563 prime?
False
Is 20397392689 a prime number?
True
Is 1027836427 a prime number?
True
Is 6861158959 prime?
True
Is 499489451 a composite number?
True
Is 487234597 composite?
True
Is 1282097797 prime?
True
Is 7589367659 prime?
True
Is 173331017 a prime number?
False
Is 103143351407 composite?
False
Is 306716117 composite?
False
Is 3030752869 prime?
True
Is 1498574899 a composite number?
False
Is 1112057899 prime?
True
Is 81387844627 prime?
True
Is 59194250749 a composite number?
True
Is 585777031 a composite number?
True
Is 102460697 composite?
False
Is 584968777 composite?
False
Is 6667292627 a composite number?
True
Is 3126249811 a composite number?
False
Is 1206945071 composite?
False
Is 412803107 a prime number?
True
Is 11623197107 composite?
False
Is 1151570927 prime?
False
Is 1991925847 prime?
False
Is 1629391359 a prime number?
False
Is 7347560981 a composite number?
False
Is 47713749703 a prime number?
False
Is 247707168671 composite?
False
Is 171215039 composite?
False
Is 225810288673 prime?
False
Is 1518213813 composite?
True
Is 16655286643 composite?
True
Is 30104453249 a composite number?
True
Is 18159647 a prime number?
False
Is 164319689 composite?
True
Is 2034246553 a composite number?
True
Is 48599612681 composite?
False
Is 5445817477 composite?
True
Is 484844149 a composite number?
False
Is 1425834199 a composite number?
False
Is 2608363286 prime?
False
Is 1748206729 composite?
True
Is 3744479887 a prime number?
False
Is 2331273397 a composite number?
True
Is 11985208973 prime?
False
Is 110346304993 composite?
False
Is 215876607883 composite?
False
Is 12570413287 a prime number?
False
Is 411230723 a composite number?
False
Is 1117480271 a prime number?
True
Is 90139499 a prime number?
False
Is 873537527 prime?
True
Is 1369287521 composite?
True
Is 1851916721 composite?
True
Is 1857821981 a composite number?
False
Is 18592861991 prime?
False
Is 1505046923 composite?
True
Is 2152787969 composite?
True
Is 1326015913 prime?
True
Is 5788580027 a prime number?
False
Is 212423273 a composite number?
True
Is 456001797217 a prime number?
True
Is 21139576063 composite?
True
Is 14116003639 a composite number?
True
Is 230419153 composite?
True
Is 4426211983 a prime number?
True
Is 61421001 a composite number?
True
Is 1608983407 prime?
False
Is 828979689 prime?
False
Is 455297701 composite?
True
Is 13979881307 composite?
True
Is 5447871461 a prime number?
True
Is 1496914079 a composite number?
True
Is 233937727 composite?
False
Is 4034681121 a prime number?
False
Is 19338154967 a prime number?
True
Is 513262059 composite?
True
Is 59470806701 composite?
False
Is 5755841711 prime?
False
Is 995418241 a prime number?
False
Is 111584217401 prime?
False
Is 2105662661 a prime number?
True
Is 10328354339 prime?
True
Is 21963416939 a prime number?
True
Is 32521587029 a composite number?
True
Is 1230030611 composite?
True
Is 86582210657 a composite number?
True
Is 525275701 prime?
True
Is 592993909 composite?
False
Is 1051407593 prime?
True
Is 9685515277 a composite number?
True
Is 59278070689 a prime number?
True
Is 1831355993 prime?
True
Is 119440901 prime?
False
Is 201239796409 composite?
False
Is 8727849563 a composite number?
False
Is 13333246369 a prime number?
False
Is 6668340257 a prime number?
True
Is 556807529 composite?
True
Is 1219761913 a composite number?
True
Is 388467539 a prime number?
False
Is 31857577 prime?
True
Is 3012706993 prime?
True
Is 22194474319 composite?
False
Is 1322693737 composite?
False
Is 15883430197 composite?
False
Is 86341534789 a composite number?
False
Is 11351050181 prime?
True
Is 1763054927 composite?
False
Is 9929744437 a composite number?
True
Is 6222743689 a composite number?
False
Is 21319965049 prime?
True
Is 26681660999 a composite number?
True
Is 28545971 a composite number?
False
Is 19305463207 a prime number?
True
Is 1756978493 prime?
False
Is 13574568439 a composite number?
False
Is 238777115393 composite?
True
Is 26106403979 prime?
False
Is 1026731327 a composite number?
False
Is 21342953599 prime?
False
Is 5869184663 composite?
False
Is 243954791 composite?
False
Is 1511807251 a prime number?
True
Is 13802265287 a composite number?
False
Is 1119778271 a prime number?
True
Is 4646285621 composite?
True
Is 1393288159 a composite number?
True
Is 1332972913 a prime number?
True
Is 37691513 a prime number?
True
Is 203096278369 a composite number?
True
Is 2964578521 prime?
True
Is 949217461 composite?
True
Is 15181875959 a prime number?
False
Is 6599918807 a prime number?
True
Is 514093673 composite?
True
Is 32905592747 a composite number?
False
Is 17924103097 prime?
True
Is 1246074547 prime?
False
Is 23536510343 a prime number?
True
Is 1763379053 a composite number?
False
Is 27835908279 a composite number?
True
Is 199599041 a prime number?
True
Is 5345836087 a composite number?
True
Is 11042133017 prime?
True
Is 427713439 prime?
True
Is 4087056331 prime?
True
Is 9181075109 composite?
True
Is 467013307001 composite?
False
Is 53045439959 a prime number?
False
Is 3171536051 a composi